-2*j. Let c = -36 + j. Let l(x) = -x**2 - 6*x + 10. What is the remainder when 17 is divided by l(c)?
7
Suppose 0*f + 5*f - 2*g + 20 = 0, -20 = -4*g. Let u be 2/f - (-1 + 6). Calculate the remainder when 47/(((-1)/(-2))/(u/(-4))) is divided by 48.
45
Let y = 503 + 3499. Suppose y + 486 = 51*q. Calculate the remainder when q is divided by 15.
13
Suppose 0 = 4*q + 15 - 7. Calculate the remainder when (3 - 1)*(2 - -42) is divided by (-1 + 0)/(-2*q/(-128)).
24
Calculate the remainder when 39 is divided by (-6)/(-8)*-1 + 2268/1296.
0
Suppose 2*t = -2*r + 28, 0*r + 2*t + 12 = 2*r. Let n be 2/r*205*1. Suppose -c + 15 - n = -m, 0 = 3*c - 9. What is the remainder when 141 is divided by m?
25
Suppose 0 = 4*d + 5*y - 146, 142 = -d + y + 174. Suppose 0 = 3*p - 73 + 7. Calculate the remainder when d is divided by p.
12
Let l(d) = -d**3 + 7*d**2 - 8*d + 1. Let o be l(4). Suppose -287 = -o*k + 10*k. Calculate the remainder when k is divided by 15.
11
Let t = -1739 - -1753. Let p = -90 - -189. Let c = -47 + p. What is the remainder when c is divided by t?
10
Let c(f) = -167*f**2 + 3*f + 4. Let s(r) = r**2 + r + 1. Let a(k) = -c(k) + 5*s(k). Let o = -4401 + 4444. What is the remainder when a(-1) is divided by o?
42
Suppose 708 = 47*z - 6013. What is the remainder when 370 is divided by z?
84
Let r(o) = -14*o - 13. What is the remainder when (-114)/(-190) - (-1628)/20 is divided by r(-2)?
7
Suppose y - 1627 = -4*t - 2*y, -2*t - y + 811 = 0. Let r = t - 285. What is the remainder when r is divided by 20?
18
Let f = 20044 + -19136. Calculate the remainder when f is divided by 148.
20
Let v(n) = -n**3 + 13*n**2 + 8*n - 5. Calculate the remainder when v(4) is divided by 108.
63
Suppose 68*b - 48*b = 20. What is the remainder when 4760/(-255)*(-4 + b) is divided by 29?
27
Let h be 3/66*378 + (-2)/11. Suppose -12*q = -h*q + 30. Let z(p) = 18*p - 44. Calculate the remainder when z(q) is divided by 5.
4
Calculate the remainder when 77 is divided by (-2*8/2)/(-5*(-21)/(-210)).
13
Suppose -2*f + 114 = 30. Suppose -f = -26*i + 25*i. Calculate the remainder when i is divided by 3.
0
Suppose 48*t + 4*t = -110*t + 55890. Calculate the remainder when t is divided by 83.
13
Let n(l) = -l**2 - 121*l - 1008. Calculate the remainder when 401 is divided by n(-10).
95
Suppose 3*n + 269 = 2*t - 153, -4*t - 4*n + 884 = 0. Suppose -546 = -7*m + t. What is the remainder when m is divided by 14?
11
Suppose -2*x + q + 570 = 3*x, -4*x - 3*q + 437 = 0. What is the remainder when x is divided by (52/20)/(5*1/75)?
35
Suppose -212*y + 273*y = 1098. What is the remainder when 283 is divided by y?
13
Let j = 8923 - 4117. Suppose w = -8*w + j. Suppose -3*y + w = 3*h, -2*y - 2*h - 724 = -6*y. What is the remainder when y is divided by 26?
24
Let m = -15 + 42. Suppose 2*v + v - 5*w - 81 = 0, 0 = v + 4*w - m. What is the remainder when 53 is divided by v?
26
Let w(l) = 7*l - 69. Let s(c) = -c**2 - 18*c + 18. Let b be s(-19). Let t(k) = -31*k**3 + k**2 - 1. Calculate the remainder when w(17) is divided by t(b).
19
Suppose -98 = 3*w + 2*k - 560, -4*k + 766 = 5*w. What is the remainder when w is divided by 150?
8
Suppose -33*l + 29*l - 8 = 0, -200 = -3*x - 5*l. What is the remainder when 219 is divided by x?
9
Suppose -2*s - 5*v - 81 + 552 = 0, -3*s + 695 = -4*v. What is the remainder when 52/(-286) + s/11 is divided by 3?
0
Suppose 618 - 784 = -5*x - t, 0 = -4*x + 2*t + 116. Calculate the remainder when 988 is divided by x.
28
Let g be 393/(-3)*(-15 + 12). Let j = 419 - g. Calculate the remainder when j is divided by 9.
8
Let i(f) = 36*f + 4. Let d be i(3). Let a(n) = n**3 - 30*n**2 - 69*n + 61. Let l be a(32). Let k = l + d. Calculate the remainder when 129 is divided by k.
12
Calculate the remainder when ((-6)/4 - 0)*2*(7 + -189) is divided by 92.
86
Suppose 1183 + 452 = w. Let j = w - 885. Suppose -s - j = -11*s. Calculate the remainder when s is divided by 13.
10
Let d = 13 - 7. Suppose d*w - 7 - 11 = 0. Suppose 17*q + 199 = 692. Calculate the remainder when q is divided by w.
2
Let s(x) = -x + 2. Let l be s(5). Let f be 2 + 1 + 1 - l. Suppose f*h = 92 + 412. What is the remainder when h is divided by 37?
35
What is the remainder when (1092/1911)/((-2)/(-12292)) is divided by 14?
12
Let o = 44 - 39. Let a(d) = -9 - 5*d + 3*d + 4*d + d**2 - o*d. Calculate the remainder when 26 is divided by a(6).
8
Let d(q) = -q**2 + 4*q + 788. Suppose 2*g - 4 = -0*g. Calculate the remainder when d(30) is divided by g.
0
Suppose -19*r + 2412 + 1179 = 0. Calculate the remainder when (-4)/(0 + 2/(-62)) is divided by 2*-2*r/(-42).
16
Suppose 2*h - 613 = -f + h, -5*f - 3*h = -3063. Calculate the remainder when f is divided by 56.
52
Let r(m) = 3*m**2 + 31*m - 2 - 8*m + 11*m + 0*m. What is the remainder when r(-13) is divided by 19?
6
Calculate the remainder when 1129 is divided by 32655/91 + (-106)/(-689).
52
Calculate the remainder when 908 - (24/48 + 9/(-6)) is divided by 90.
9
Let s = 247 - 239. Suppose -s*i + 53 = -59. What is the remainder when 62 is divided by i?
6
Suppose d - 106 = 8*u - 4*u, 5*d - 530 = -5*u. Let t = -97 + d. Suppose 8*f - t*f + 47 = 0. What is the remainder when f is divided by 32?
15
Suppose -241 = -4*u - 3*v, 30 = u - 5*v - 36. Suppose 46*y - 41*y = -210. What is the remainder when u is divided by (((-4)/8 - 1) + 1)*y?
19
Suppose 0 = -3*c - 5*z + 160, 4 = 2*c - 5*z - 111. What is the remainder when 4564 is divided by c?
54
Let i = 404 + -407. What is the remainder when ((-223)/i)/((-9)/(-27)) is divided by 57?
52
Let k(p) = p**3 + 24*p**2 - 219*p - 39. Calculate the remainder when 13108 is divided by k(-31).
21
Let x = -1997 + 4306. Suppose x = 37*f + 274. What is the remainder when 104 is divided by f?
49
Let g(j) = j**2 + 9*j - 68. Let w be g(-14). What is the remainder when (-20)/40 + 193/w is divided by 52?
44
Suppose 0 = 2*y - 2*w - 172, 3*y + 4*w + 255 = 6*y. Suppose 27*i - 648 = 36*i. Let g = y + i. Calculate the remainder when 150 is divided by g.
14
Let o = 4321 + -3814. What is the remainder when o is divided by 51?
48
Calculate the remainder when 275 is divided by (-688)/(-26) - 1248/2704.
15
Let u be 2/(-4) - 1/2. Let w(d) = d**3 + d**2 + 21. Calculate the remainder when u/((-183)/90 + 2) is divided by w(0).
9
Let j = 59927 - 59895. Suppose 3*w - 482 = 856. What is the remainder when w is divided by j?
30
Let r = -219 + 442. Let p = r + -208. Suppose 3*m + 144 = 2*j - m, -m = -j + 72. Calculate the remainder when j is divided by p.
12
Let o = -953 + 1068. What is the remainder when o is divided by 54?
7
Suppose -17*h - 12*h + 137640 = 45*h. What is the remainder when h is divided by 233?
229
Let y(m) = m**3 - 5*m**2 - 3*m + 2. Suppose 33*c = 40*c - 42. Calculate the remainder when y(c) is divided by 14.
6
Suppose 0 = -9*x + 880 - 367. What is the remainder when 202 is divided by x?
31
Suppose -77*y + 9405 + 6455 = 53*y. Calculate the remainder when 4633 is divided by y.
119
Let i(a) = a**3 - 20*a**2 + 64*a + 33. What is the remainder when i(17) is divided by 90?
74
Let i = 4433 - 4395. What is the remainder when 3302 is divided by i?
34
Let c(k) be the first derivative of k**3 - 5*k**2 + k + 172. Calculate the remainder when 62 is divided by c(4).
8
Let g(l) = -2*l + 9. Let h = 16 - 9. Suppose -h*f - 65 = -12*f. Calculate the remainder when g(-7) is divided by f.
10
Suppose 0 = 379*l - 331*l - 28848. Calculate the remainder when l is divided by 21.
13
Let t(p) = -p + 9. Suppose 12883 - 4750 = 125*q - 5367. What is the remainder when q is divided by t(-8)?
6
Let s(g) = -g**3 + 12*g**2 - 9*g - 23. Let h be s(11). Let o(l) = -3*l + 11. Calculate the remainder when 41 is divided by o(h).
13
Suppose -26839 = -104*y + 19649. Calculate the remainder when 1355 is divided by y.
14
Let i(y) = 115*y**2 + 21*y - 18. What is the remainder when 1530 is divided by i(1)?
114
Let w = 44 - 35. Let m = -1185 - -1552. What is the remainder when m is divided by w?
7
What is the remainder when 1930 is divided by ((-4 + 1176/300)*-10)/((-2)/(-190))?
30
Let m = 33 + 2. Suppose -409*v = 2*p - 412*v - 232, 0 = -5*p + 2*v + 613. What is the remainder when p is divided by m?
20
Let w be (254*2)/(92/115). Let m = -103 + 180. Suppose m = 8*u - w. Calculate the remainder when u is divided by 23.
20
Let k